sor of 2077040 and 57120.
560
Calculate the greatest common divisor of 199805032 and 6216.
2072
Calculate the greatest common factor of 3 and 2593221.
3
Calculate the greatest common divisor of 3248658 and 399.
399
Calculate the highest common factor of 1185 and 423306095.
395
Calculate the highest common factor of 276 and 833628.
12
What is the greatest common divisor of 13703 and 54244?
71
What is the greatest common divisor of 10754 and 1543142?
38
What is the greatest common factor of 122109 and 285987?
39
Calculate the greatest common divisor of 771 and 13718917.
257
What is the greatest common factor of 6760 and 10841000?
40
Calculate the highest common divisor of 5614947 and 918.
459
Calculate the highest common divisor of 4356403 and 4702.
2351
Calculate the greatest common divisor of 1156866 and 126.
6
Calculate the highest common factor of 295022 and 132862023.
11347
Calculate the greatest common divisor of 30696 and 8628.
12
What is the highest common factor of 14015412 and 4216?
68
What is the highest common factor of 7329 and 69205304?
2443
What is the highest common divisor of 1457200 and 125?
25
Calculate the highest common factor of 93 and 659444028.
93
What is the highest common divisor of 44300046 and 294?
42
What is the highest common divisor of 124817 and 27247?
11
What is the highest common factor of 1130291 and 1581?
31
What is the greatest common factor of 8758 and 3664268378?
8758
What is the greatest common factor of 52609896 and 3165?
633
Calculate the greatest common factor of 1383 and 590712953.
461
What is the greatest common divisor of 33950209 and 4912?
307
What is the highest common factor of 4062389 and 352740?
5879
Calculate the greatest common factor of 27426 and 17465791.
4571
Calculate the highest common divisor of 21550 and 118350.
50
Calculate the greatest common factor of 9911 and 16339635.
901
Calculate the greatest common factor of 12736 and 11552.
32
What is the greatest common divisor of 12168 and 397228?
52
Calculate the highest common factor of 21846124 and 380.
76
What is the greatest common factor of 3127967 and 1436?
359
What is the highest common divisor of 12778419 and 94482?
543
What is the greatest common factor of 23497974 and 10494?
954
What is the highest common divisor of 2140 and 313080?
20
Calculate the highest common divisor of 848 and 37021772.
212
What is the highest common factor of 19968 and 4908?
12
What is the highest common factor of 10548512 and 9776?
208
Calculate the greatest common divisor of 14496 and 627936.
96
Calculate the greatest common factor of 169440658 and 21794.
1282
What is the greatest common divisor of 585632361 and 282?
141
What is the greatest common factor of 2062999984 and 848?
848
Calculate the highest common factor of 398945 and 476690.
365
What is the greatest common factor of 5958 and 169300542?
1986
Calculate the greatest common divisor of 44 and 79211957.
11
What is the greatest common factor of 52098125 and 50?
25
Calculate the greatest common divisor of 171990 and 162657950.
6370
What is the greatest common factor of 394 and 77428683?
197
Calculate the greatest common divisor of 20529 and 3582.
9
What is the highest common divisor of 2964 and 5558241?
741
What is the greatest common divisor of 1317 and 509?
1
Calculate the greatest common factor of 153 and 55989.
9
Calculate the greatest common divisor of 9991 and 38509.
97
What is the highest common factor of 10854 and 14242056?
402
Calculate the highest common factor of 59088456 and 84.
84
Calculate the highest common factor of 114 and 29748015.
57
What is the greatest common divisor of 126439 and 6583?
227
Calculate the highest common divisor of 2296345 and 1281.
61
What is the greatest common divisor of 27768090 and 15?
15
What is the greatest common factor of 38083935 and 285?
15
Calculate the greatest common factor of 22149 and 177675.
69
Calculate the highest common factor of 6461 and 287833.
91
What is the greatest common factor of 824 and 8022876?
412
What is the highest common divisor of 396 and 11973357?
99
Calculate the greatest common divisor of 184 and 28684152.
8
Calculate the greatest common factor of 18494 and 5068.
14
Calculate the highest common factor of 786006 and 1287.
117
Calculate the highest common factor of 17897 and 12276.
11
What is the greatest common factor of 75993 and 1485623?
73
What is the greatest common divisor of 2813972 and 2658096?
8204
Calculate the greatest common divisor of 154022250 and 411.
411
Calculate the highest common factor of 58003569 and 6.
3
What is the highest common factor of 469491 and 231?
33
What is the greatest common divisor of 67972525 and 40?
5
What is the greatest common factor of 16 and 92709784?
8
What is the greatest common factor of 766 and 32189618?
766
Calculate the highest common divisor of 56 and 987832.
8
What is the highest common factor of 457054776 and 72?
72
Calculate the highest common divisor of 5435525 and 150.
25
What is the greatest common factor of 30432 and 1871040?
96
Calculate the highest common factor of 460 and 85887520.
460
What is the greatest common divisor of 352 and 4512096?
32
What is the greatest common factor of 73278 and 902934?
1242
What is the greatest common factor of 636 and 982508?
4
What is the highest common divisor of 6864858 and 79121?
889
Calculate the highest common divisor of 77919 and 11499204.
4101
What is the highest common factor of 430008 and 14760?
984
Calculate the highest common divisor of 1254 and 539790.
114
What is the highest common factor of 59670 and 14348880?
3510
What is the highest common divisor of 20211 and 1356?
3
What is the highest common divisor of 588 and 52140263?
49
Calculate the highest common factor of 16544 and 1582537.
517
What is the highest common divisor of 85224 and 50317?
67
Calculate the highest common factor of 46172 and 1148.
28
Calculate the greatest common divisor of 119116995 and 1959.
1959
Calculate the greatest common factor of 2104279815 and 55.
55
Calculate the greatest common factor of 6292 and 517400.
52
What is the greatest common factor of 99398 and 20835350?
7646
What is the greatest common divisor of 10567146 and 16?
2
What is the greatest common factor of 336009726 and 104?
26
Calculate the greatest common divisor of 63601940 and 110.
10
Calculate the greatest common factor of 13325 and 24902785.
205
Calculate the highest common divisor of 370403 and 1212530.
1661
Calculate the greatest common divisor of 1626213030 and 8840.
2210
Calculate the greatest common factor of 19198408 and 7808.
488
What is the highest common divisor of 248 and 34112512?
8
Calculate the highest common factor of 10582 and 701779.
481
Calculate the greatest common divisor of 13881 and 46998.
21
What is the highest common factor of 84 and 348474?
42
What is the greatest common factor of 280 and 282856?
56
Calculate the greatest common divisor of 2475 and 59253225.
75
What is the greatest common divisor of 15522 and 1300266?
1194
Calculate the greatest common factor of 336 and 67157328.
336
Calculate the highest common divisor of 7163 and 8569158.
13
What is the greatest common divisor of 4060 and 116084?
4
Calculate the highest common factor of 42500 and 150297.
17
What is the greatest common divisor of 451 and 629123?
11
Calculate the highest common factor of 5916447 and 27.
9
What is the highest common divisor of 1708992 and 5408?
32
Calculate the highest common factor of 184036 and 1674116.
556
What is the greatest common factor of 632 and 1197877?
79
Calculate the greatest common divisor of 15036 and 17339.
7
Calculate the greatest common factor of 186285 and 525.
15
What is the greatest common factor of 319 and 308444609?
319
What is the greatest common factor of 26252408 and 5096?
728
Calculate the greatest common divisor of 413 and 15776659.
59
Calculate the highest common divisor of 10000172 and 2905.
581
What is the greatest common divisor of 72716 and 175616?
1372
Calculate the greatest common divisor of 795495 and 45.
15
What is the greatest common divisor of 373056208 and 784?
784
What is the highest common factor of 990 and 44354520?
90
What is the greatest common divisor of 232650 and 57816?
198
What is the highest common divisor of 3139 and 735902?
